 473 divide 19500791?
False
Is 15 a factor of 1367550?
True
Is 2843379 a multiple of 21?
True
Does 13 divide 18283772?
True
Is 23085792 a multiple of 24?
True
Is 17 a factor of 5066?
True
Is 66399 a multiple of 533?
False
Is 62872 a multiple of 33?
False
Is 91 a factor of 348920?
False
Does 550 divide 255497?
False
Is 41 a factor of 337864?
False
Does 93 divide 108996?
True
Does 138 divide 1338104?
False
Does 129 divide 824439?
True
Is 79971 a multiple of 23?
True
Does 1019 divide 454445?
False
Does 9 divide 152087?
False
Is 3387204 a multiple of 397?
True
Is 14082624 a multiple of 1104?
True
Is 1960551 a multiple of 48?
False
Does 121 divide 1343710?
False
Is 594271 a multiple of 22?
False
Is 3128049 a multiple of 70?
False
Is 95004 a multiple of 203?
True
Does 41 divide 8016320?
True
Is 70262 a multiple of 314?
False
Is 45876 a multiple of 5?
False
Is 297 a factor of 242649?
True
Is 45 a factor of 643382?
False
Is 11 a factor of 3150224?
True
Does 82 divide 265789?
False
Is 51 a factor of 1390417?
False
Is 17 a factor of 1242938?
True
Is 287 a factor of 1595433?
True
Does 84 divide 215586?
False
Is 125550 a multiple of 90?
True
Is 1113426 a multiple of 79?
True
Is 5905548 a multiple of 3?
True
Is 11 a factor of 1892225?
False
Does 37 divide 57720?
True
Is 192044 a multiple of 11?
False
Is 205628 a multiple of 16?
False
Is 18 a factor of 801540?
True
Is 1189216 a multiple of 28?
True
Is 131 a factor of 4102342?
False
Is 66 a factor of 133144?
False
Does 163 divide 17257820?
False
Is 905150 a multiple of 25?
True
Is 153525 a multiple of 75?
True
Does 2 divide 16049?
False
Is 34 a factor of 2568081?
False
Does 29 divide 1903393?
False
Is 121 a factor of 50500?
False
Is 471761 a multiple of 27?
False
Is 313 a factor of 13577?
False
Is 20 a factor of 182960?
True
Does 12 divide 36977?
False
Is 1519143 a multiple of 67?
False
Is 789801 a multiple of 3?
True
Is 305 a factor of 2497763?
False
Is 449826 a multiple of 103?
False
Does 50 divide 15594100?
True
Is 2208803 a multiple of 3?
False
Does 2 divide 1816986?
True
Is 978837 a multiple of 12?
False
Does 41 divide 36777?
True
Is 10 a factor of 13131178?
False
Is 47 a factor of 1462011?
False
Does 93 divide 3629460?
False
Does 9 divide 12445767?
True
Is 12 a factor of 240594?
False
Is 338945 a multiple of 5?
True
Does 11 divide 749535?
False
Does 58 divide 3864057?
False
Is 4894560 a multiple of 240?
True
Does 82 divide 2841136?
True
Is 967 a factor of 6509802?
False
Does 452 divide 6732992?
True
Is 199 a factor of 99699?
True
Does 747 divide 121014?
True
Is 138392 a multiple of 3?
False
Is 2016001 a multiple of 13?
True
Is 153162 a multiple of 67?
True
Is 4641889 a multiple of 7?
True
Is 55 a factor of 2178628?
False
Is 108 a factor of 2937924?
True
Is 28 a factor of 287504?
True
Does 8 divide 8536?
True
Is 432 a factor of 615600?
True
Is 213012 a multiple of 44?
False
Is 6 a factor of 82494?
True
Is 8443 a multiple of 135?
False
Does 42 divide 428410?
False
Is 20 a factor of 1385380?
True
Is 196 a factor of 120932?
True
Is 73066 a multiple of 14?
True
Does 36 divide 1273534?
False
Is 2243558 a multiple of 356?
False
Does 24 divide 447000?
True
Is 35 a factor of 456190?
True
Is 1119700 a multiple of 181?
False
Is 599786 a multiple of 22?
True
Is 1173429 a multiple of 541?
True
Is 18630 a multiple of 18?
True
Is 515361 a multiple of 153?
False
Does 218 divide 1927467?
False
Does 30 divide 2254921?
False
Does 76 divide 2975606?
False
Is 63 a factor of 923418?
False
Is 49128 a multiple of 4?
True
Does 20 divide 87360?
True
Is 23 a factor of 259383?
False
Is 1680737 a multiple of 12?
False
Is 222464 a multiple of 64?
True
Is 47 a factor of 1257391?
True
Does 4 divide 13057?
False
Is 286 a factor of 1608178?
True
Does 15 divide 122396?
False
Does 16 divide 5632?
True
Is 23 a factor of 410837?
False
Does 7 divide 2710344?
True
Does 281 divide 2599592?
False
Is 2 a factor of 6729?
False
Is 13085787 a multiple of 13?
True
Is 5551171 a multiple of 68?
False
Is 4 a factor of 924276?
True
Does 24 divide 387096?
True
Does 116 divide 53468?
False
Does 24 divide 654840?
True
Does 15 divide 564412?
False
Is 23289 a multiple of 13?
False
Is 74588 a multiple of 8?
False
Is 61 a factor of 16612679?
True
Does 11 divide 6358?
True
Is 179280 a multiple of 108?
True
Does 262 divide 12834246?
False
Is 98 a factor of 283220?
True
Is 941 a factor of 5311004?
True
Is 7556861 a multiple of 76?
False
Is 1748061 even?
False
Does 42 divide 5658993?
False
Is 1412026 a multiple of 106?
True
Is 9 a factor of 14161976?
False
Does 462 divide 18275068?
False
Does 130 divide 380900?
True
Does 80 divide 67118?
False
Is 161630 a multiple of 35?
True
Does 10 divide 35080796?
False
Is 2429214 a multiple of 23?
True
Is 20 a factor of 54186?
False
Is 80 a factor of 2459280?
True
Is 10 a factor of 10643?
False
Is 17 a factor of 58288?
False
Is 82170 a multiple of 6?
True
Is 23766 a multiple of 30?
False
Is 153 a factor of 1321738?
False
Does 235 divide 715031?
False
Does 387 divide 3390120?
True
Is 91 a factor of 101374?
True
Is 12140593 a multiple of 5?
False
Is 174 a factor of 29181?
False
Is 199 a factor of 1353400?
False
Does 639 divide 463275?
True
Is 790785 a multiple of 52?
False
Is 1470 a factor of 15705480?
True
Is 29 a factor of 2870541?
False
Is 357493 a multiple of 235?
False
Is 19510 a multiple of 5?
True
Does 89 divide 53178?
False
Is 29 a factor of 16269507?
False
Is 10 a factor of 783990?
True
Is 13 a factor of 2610498?
False
Is 1839400 a multiple of 68?
True
Is 9 a factor of 12672?
True
Is 649 a factor of 3004870?
True
Is 4 a factor of 53833?
False
Is 3 a factor of 222666?
True
Is 17 a factor of 3481638?
False
Is 100510 a multiple of 46?
True
Is 14 a factor of 272785?
False
Does 21 divide 26332257?
True
Does 23 divide 2573028?
False
Is 124942 a multiple of 179?
True
Is 407 a factor of 420431?
True
Is 37933 a multiple of 51?
False
Does 883 divide 1631452?
False
Is 342 a factor of 738704?
False
Is 68815 a multiple of 4?
False
Is 270972 a multiple of 259?
False
Does 333 divide 67599?
True
Is 1735972 a multiple of 102?
False
Is 26 a factor of 31636?
False
Is 20 a factor of 7069077?
False
Is 145 a factor of 287390?
True
Does 103 divide 3937690?
True
Does 99 divide 310025?
False
Does 256 divide 16316672?
True
Does 20 divide 778829?
False
Is 82174 a multiple of 5?
False
Is 16 a factor of 7207536?
True
Is 6676017 a multiple of 1420?
False
Is 34 a factor of 242321?
False
Is 8 a factor of 6954416?
True
Does 168 divide 127839?
False
Is 50 a factor of 215210?
False
Is 28 a factor of 160132?
True
Is 50187 a multiple of 187?
False
Does 50 divide 908750?
True
Does 1198 divide 1113461?
False
Is 3 a factor of 35466?
True
Does 16 divide 931451?
False
Does 43 divide 7614937?
False
Does 200 divide 2979400?
True
Does 44 divide 19463356?
True
Is 3735886 a multiple of 301?
False
Is 216 a factor of 6454512?
True
Does 138 divide 60996?
True
Is 58 a factor of 1270436?
False
Does 399 divide 162393?
True
Does 189 divide 308634?
False
Is 233 a factor of 573665?
False
Is 14 a factor of 183786?
False
Is 51 a factor of 650556?
True
Does 5 divide 264525?
True
Is 1314187 a multiple of 953?
True
Is 144144 a multiple of 8?
True
Is 7 a factor of 8513?
False
Is 116523 a multiple of 2?
False
Is 53599 a multiple of 133?
True
Does 26 divide 10384998?
True
Is 508788 a multiple of 27?
True
Is 48 a factor of 60000?
True
Does 22 divide 264446?
False
Does 62 divide 128712?
True
Is 3632328 a multiple of 21?
True
Is 23 a factor of 370901?
False
Does 29 divide 231304?
True
Does 73 divide 366022?
True
Is 57 a factor of 2861913?
True
Does 5 divide 1124145?
True
Does 27 divide 183074?
False
Is 87 a factor of 930524?
False
Is 163 a factor of 311819?
True
Does 32 divide 2600832?
True
Is 1034860 a multiple of 295?
True
Is 9 a factor of 207297?
True
Is 7 a factor of 1239?
True
Is 7 a factor of 147924?
True
Is 319009 a multiple of 41?
False
Is 18 a factor of 560081?
False
Is 12 a factor of 13056?
True
Does 14 divide 2922640?
True
Is 17 a factor of 2685438?
False
Does 111 divide 82613?
False
Is 17472 a multiple of 4?
True
Is 199 a factor of 21904727?
False
Is 6 a factor of 3546333?
False
Is 2394 a multiple of 63?
True
Does 12 divide 58782?
False
Is 2961216 a multiple of 12?
Tr